 = -3*g + 0 - 2 + 3 + 0. Let k be r(-3). Calculate the greatest common factor of 50 and k.
10
Let y(x) = -35*x - 9. Let n be y(-1). What is the highest common divisor of 52 and n?
26
Let r(l) = -l**3 - 9*l**2 - 3*l + 5. Let c be r(-9). What is the highest common divisor of 16 and c?
16
Let a be 2/(-6) - (-122)/6. Let y = -1 - 10. Let f = y + 21. What is the highest common factor of f and a?
10
Suppose -3*b - 7 = -16. Calculate the highest common factor of 33 and b.
3
Suppose -2*j - 40 = -4*j. What is the highest common divisor of j and 160?
20
Suppose -4*u - 91 = 205. Let c = 250 + u. Let s be 66/(-3)*-1 - 0. Calculate the greatest common factor of s and c.
22
Let u be (12/7)/(10/70). Calculate the greatest common divisor of u and 84.
12
Suppose -5*g - 3*t + 30 = -7*t, 5*t = -3*g + 55. Calculate the highest common divisor of g and 90.
10
Suppose 0 = 2*m + 2*v - 18, -5*v + 9 + 8 = m. Let d be 1902/54 + (-2)/9. Calculate the greatest common factor of d and m.
7
Suppose -3*f + 5*m + 0*m = -45, 0 = -4*f + 3*m + 49. Suppose -2*h + 2*i + 242 = 3*h, -4*i = -3*h + 134. Calculate the greatest common factor of f and h.
10
Let j be 10/(-5) - 16/(-1). Suppose -2*h + j = -6. What is the highest common factor of 4 and h?
2
Let c = 27 + -18. What is the highest common factor of 72 and c?
9
Let c(r) = 2*r**2 + 22*r + 9. Let h be c(-11). Calculate the greatest common factor of 63 and h.
9
Let c be ((-14)/3)/(4/(-6)). Suppose -c*m + 70 = -2*m. What is the greatest common divisor of m and 14?
14
Suppose -m + 19 = v, -4*m = -0*m - 20. What is the highest common divisor of v and 14?
14
Suppose 4*t + 3*v = 56, 35 = 2*t + 4*v + 7. What is the highest common divisor of t and 126?
14
Let h be 9 - 10 - 10*-2. Let t = h + -6. Calculate the highest common factor of 117 and t.
13
Let d be (4 + (-28)/6)/(2/(-21)). What is the greatest common divisor of 14 and d?
7
Let p be (-1 - 5)*((-7)/(-21) - 6). What is the greatest common factor of 374 and p?
34
Let b(k) = 4*k. Let o be b(2). Let n = 12 - o. Let q = -6 + 22. What is the highest common divisor of q and n?
4
Let y(x) = x**3 - 7*x**2 + 18*x + 13. Let i be y(6). What is the highest common divisor of i and 5?
5
Suppose 2*w = 4*z + 1 - 21, 2*z = -4*w. Suppose -3*g + 239 = -z*p, 2*g + 3*p - 150 = p. What is the highest common factor of 7 and g?
7
Suppose -2*d + 24 = -42. Suppose 2*u = t + d, -u - 2*u = -t - 52. Suppose 0*l + 4*l = -4, 3*l + u = 4*y. What is the highest common divisor of 44 and y?
4
Suppose -1 = -5*c + 4. Let d be (153/(-18))/(c/(-2)). What is the highest common divisor of d and 17?
17
Suppose 0 = -3*u - 25 - 5. Let b = -6 - u. Calculate the greatest common divisor of 28 and b.
4
Let j(g) = -16*g - 1. Let r be j(-1). Let l = -3 + r. What is the highest common divisor of l and 96?
12
Suppose 0 = -4*t - 0*t + 12. Let v be (-20)/t*(-6)/5. What is the greatest common divisor of 56 and v?
8
Let d(r) = -5*r**2 - 3*r - 1. Let y be d(3). Let j be (132/y)/((-2)/10). Calculate the highest common factor of j and 8.
4
Suppose -5*p = -3*m + 38, -5*m + p + 17 + 39 = 0. Calculate the greatest common factor of 33 and m.
11
Suppose 0 = 3*v + 2*l - 47, 5*v + l - 10 - 66 = 0. Calculate the greatest common divisor of 60 and v.
15
Let w be 952/3 + (-4)/(-6). Let s = w + -218. Suppose m = -0*m + 10. What is the greatest common factor of s and m?
10
Let w be (-6)/27 + (-33)/(-27). Suppose -5 = 3*o - 2*o. Let u = o - -16. What is the highest common divisor of u and w?
1
Suppose -122 = -x - 2*m, 48 + 76 = x + 4*m. What is the highest common factor of 15 and x?
15
Suppose 4 + 0 = o. Suppose -o*g + 54 = -58. Let h be 0 - 20*(-28)/8. Calculate the greatest common factor of g and h.
14
Suppose 0 = 4*p - 41 - 35. What is the greatest common divisor of 209 and p?
19
Let a = 37 - 16. Let d = a + -13. Suppose -2*l + 5*k = -76, -d = -4*k + 8. What is the highest common factor of l and 6?
6
Let q(h) = -6*h. Let v be q(-1). Let m(u) = 4*u - 7. Let l be m(v). Calculate the highest common factor of l and 51.
17
Suppose o - 2*o = 4, 0 = -4*b + 3*o + 48. Calculate the greatest common factor of b and 9.
9
Suppose -x + 4 = 0, 0 = 3*c - 7*c - 5*x + 28. Let j = -39 - -61. Calculate the greatest common divisor of j and c.
2
Let n be (-6 - -2)*(-2 + (-6)/(-4)). What is the highest common divisor of n and 8?
2
Let i(r) = r - 1. Let s be i(-3). Let d = s - -14. Let l be (6/d)/((-3)/(-15)). Calculate the greatest common factor of 3 and l.
3
Suppose 2 = 2*u - 2. Calculate the greatest common factor of u and 7.
1
Let a(x) = 2*x**2 + 9*x - 5. Let w be a(7). Suppose -3*o = -t - 80, 5*o - w = 2*t - 6*t. Calculate the highest common divisor of o and 7.
7
Let d(a) be the second derivative of -5*a**3/3 + a**2/2 - 9*a. Let u be d(-2). What is the greatest common factor of 21 and u?
21
Suppose -57 = -3*t - 5*w, -3*w + 39 = -0*t + 2*t. What is the highest common divisor of t and 16?
8
Let n(m) = 111*m + 1. Let o be (-2)/7 - 18/(-14). Let k be n(o). What is the greatest common divisor of k and 16?
16
Suppose -7*c = -3*c - 148. Suppose 3*w - 8 = c. What is the highest common divisor of w and 15?
15
Suppose -y = o - 83, -y = -0*o + 2*o - 82. What is the highest common divisor of 4 and y?
4
Let m(s) = -2*s**3 + 28*s**2 + s - 8. Let x be m(14). Let j be 5 - 0 - (0 + -1). What is the greatest common factor of x and j?
6
Let t(l) = -l**3 - 7*l**2 - 2*l + 35. Let j be t(-9). Calculate the highest common factor of 86 and j.
43
Suppose -81 = 2*t - 353. Suppose 0 = -5*g + 6*g - 3. Let h be (-1)/2*(-37 + g). Calculate the highest common divisor of t and h.
17
Let u = 70 + -58. What is the highest common factor of u and 132?
12
Let u be 9/((-9)/3) - 3. Let i be 18/(-12)*u/1. What is the greatest common factor of 90 and i?
9
Let n = 3 - 0. Suppose -2*c - 6 = 2*m, -5*m + 3*c - n = -2*m. Let t be (m/1)/2 + 22. What is the highest common factor of 7 and t?
7
Let s be (2*(-1)/4 + 39)*8. Calculate the greatest common factor of 28 and s.
28
Suppose -5*a + 7 = -13. Suppose -l - 5 = 2*z, l + 7*z = 2*z - 17. Suppose -2 = -l*t + 2*t. Calculate the highest common divisor of t and a.
2
Let q(f) = -f + 9. Let r be q(-7). Suppose 3*z = -3*a - 2*a - 23, 8 = -a - 4*z. Let h be (a + 2 + 0)*-88. Calculate the highest common divisor of r and h.
16
Let t be (-111)/12*(-6 - 2). Calculate the highest common divisor of t and 37.
37
Let w = -9 + 10. Suppose -5 - 3 = -2*s. What is the greatest common divisor of w and s?
1
Let v be 20/(-2)*(-6)/15. Let f = 7 - 8. Let x(c) = -20*c**3 + c + 1. Let b be x(f). Calculate the highest common factor of b and v.
4
Let x = -272 + 176. Let a = -42 - x. Calculate the greatest common factor of 6 and a.
6
Let z = -157 - -322. Calculate the greatest common factor of z and 66.
33
Let s be ((-3 + 4)*1)/((-2)/(-50)). Calculate the greatest common factor of s and 50.
25
Let p = 85 - 64. Let y be 2 - (-3 + 0 + 2). Calculate the highest common divisor of p and y.
3
Suppose 46 = -4*l + 210. Calculate the highest common factor of l and 164.
41
Let g(u) = 29*u**2 - 2*u + 1. Let x be g(1). Let i = 36 + -29. Calculate the greatest common divisor of x and i.
7
Let a = 43 - 17. Calculate the highest common factor of a and 65.
13
Suppose -38 = -g - 4*d, -39 - 47 = -3*g - 5*d. What is the greatest common factor of 55 and g?
11
Suppose -93 = 7*k - 2*k - g, -3*k = g + 51. Let a be (-788)/k + 6/27. Calculate the greatest common divisor of a and 4.
4
Suppose -7*d - 2*l + 58 = -4*d, -3*d - 5*l = -64. Calculate the greatest common factor of d and 144.
18
Let m be 3 + ((-5)/(-1))/(-1). Let w be (3 + m)*(2 - -3). Suppose -w - 28 = -3*u. Calculate the highest common factor of u and 55.
11
Let d(z) = -z + 9. Let l be d(7). Suppose -3*x - 2*y = l*x - 38, 5*x = 5*y + 10. Calculate the highest common factor of 15 and x.
3
Suppose 88 = 4*j + 5*b, -66 = 2*j - 5*j - b. Suppose -w - w = -j. Calculate the greatest common divisor of w and 44.
11
Let w = 75 - 41. Calculate the greatest common factor of w and 51.
17
Suppose 3*b = -m, -5*b + b = 4*m - 40. Let j be (10 + -25)*-1*5. Calculate the greatest common divisor of m and j.
15
Suppose 0*z + u = -z, 5*z - u = -12. Let d be 8/(-24)*(z + -1). What is the greatest common divisor of d and 6?
1
Let j = -2 - -9. Let t(u) = u**2 - 2*u - 7. Let c be t(j). 